s divided by 355.
314
What is the remainder when 2804 is divided by 38?
30
Calculate the remainder when 38 is divided by 9.
2
What is the remainder when 132 is divided by 8?
4
Calculate the remainder when 1130 is divided by 56.
10
What is the remainder when 191 is divided by 48?
47
What is the remainder when 241 is divided by 5?
1
Calculate the remainder when 23 is divided by 14.
9
What is the remainder when 179 is divided by 31?
24
Calculate the remainder when 251 is divided by 42.
41
Calculate the remainder when 379 is divided by 11.
5
Calculate the remainder when 163 is divided by 156.
7
What is the remainder when 14 is divided by 1?
0
What is the remainder when 55 is divided by 14?
13
What is the remainder when 46 is divided by 6?
4
What is the remainder when 1765 is divided by 30?
25
What is the remainder when 1124 is divided by 75?
74
Calculate the remainder when 575 is divided by 144.
143
Calculate the remainder when 650 is divided by 31.
30
What is the remainder when 1426 is divided by 46?
0
Calculate the remainder when 331 is divided by 37.
35
Calculate the remainder when 3647 is divided by 215.
207
What is the remainder when 2479 is divided by 54?
49
Calculate the remainder when 1102 is divided by 275.
2
Calculate the remainder when 124 is divided by 84.
40
What is the remainder when 2146 is divided by 93?
7
Calculate the remainder when 1899 is divided by 378.
9
Calculate the remainder when 234 is divided by 109.
16
What is the remainder when 492 is divided by 479?
13
Calculate the remainder when 338 is divided by 31.
28
What is the remainder when 18120 is divided by 29?
24
Calculate the remainder when 450 is divided by 76.
70
What is the remainder when 370 is divided by 22?
18
What is the remainder when 194 is divided by 30?
14
Calculate the remainder when 5520 is divided by 11.
9
What is the remainder when 618 is divided by 11?
2
What is the remainder when 19 is divided by 19?
0
What is the remainder when 116 is divided by 35?
11
Calculate the remainder when 238 is divided by 24.
22
Calculate the remainder when 1053 is divided by 46.
41
Calculate the remainder when 346 is divided by 127.
92
Calculate the remainder when 659 is divided by 17.
13
What is the remainder when 802 is divided by 303?
196
What is the remainder when 589 is divided by 99?
94
What is the remainder when 126 is divided by 32?
30
What is the remainder when 319 is divided by 81?
76
What is the remainder when 450 is divided by 45?
0
Calculate the remainder when 625 is divided by 155.
5
What is the remainder when 488 is divided by 29?
24
Calculate the remainder when 328 is divided by 55.
53
Calculate the remainder when 28515 is divided by 294.
291
What is the remainder when 69 is divided by 36?
33
Calculate the remainder when 56 is divided by 30.
26
Calculate the remainder when 1444 is divided by 148.
112
What is the remainder when 63 is divided by 22?
19
Calculate the remainder when 548 is divided by 133.
16
What is the remainder when 207 is divided by 70?
67
Calculate the remainder when 9153 is divided by 40.
33
Calculate the remainder when 492 is divided by 55.
52
What is the remainder when 207 is divided by 170?
37
Calculate the remainder when 48 is divided by 13.
9
Calculate the remainder when 521 is divided by 509.
12
What is the remainder when 445 is divided by 56?
53
What is the remainder when 171 is divided by 16?
11
Calculate the remainder when 207 is divided by 163.
44
What is the remainder when 173 is divided by 45?
38
What is the remainder when 309 is divided by 13?
10
Calculate the remainder when 149 is divided by 75.
74
Calculate the remainder when 1485 is divided by 164.
9
Calculate the remainder when 43 is divided by 4.
3
What is the remainder when 704 is divided by 102?
92
What is the remainder when 298 is divided by 34?
26
What is the remainder when 12887 is divided by 179?
178
Calculate the remainder when 1008 is divided by 91.
7
What is the remainder when 171 is divided by 48?
27
What is the remainder when 170 is divided by 40?
10
Calculate the remainder when 27 is divided by 18.
9
What is the remainder when 280 is divided by 134?
12
What is the remainder when 1020 is divided by 291?
147
Calculate the remainder when 11 is divided by 2.
1
What is the remainder when 172 is divided by 58?
56
What is the remainder when 440 is divided by 13?
11
Calculate the remainder when 79 is divided by 37.
5
What is the remainder when 210 is divided by 11?
1
Calculate the remainder when 175 is divided by 63.
49
What is the remainder when 358 is divided by 62?
48
What is the remainder when 532 is divided by 2?
0
What is the remainder when 1367 is divided by 37?
35
What is the remainder when 1621 is divided by 14?
11
What is the remainder when 958 is divided by 64?
62
What is the remainder when 13236 is divided by 37?
27
What is the remainder when 461 is divided by 21?
20
What is the remainder when 11 is divided by 10?
1
What is the remainder when 972 is divided by 196?
188
What is the remainder when 415 is divided by 102?
7
What is the remainder when 280 is divided by 23?
4
What is the remainder when 3130 is divided by 9?
7
Calculate the remainder when 287 is divided by 18.
17
What is the remainder when 353 is divided by 8?
1
What is the remainder when 3806 is divided by 272?
270
Calculate the remainder when 403 is divided by 84.
67
Calculate the remainder when 91 is divided by 47.
44
What is the remainder when 3663 is divided by 78?
75
What is the remainder when 59 is divided by 21?
17
Calculate the remainder when 2558 is divided by 40.
38
What is the remainder when 1571 is divided by 263?
256
What is the remainder when 49 is divided by 35?
14
Calculate the remainder when 525 is divided by 28.
21
Calculate the remainder when 447 is divided by 445.
2
What is the remainder when 168 is divided by 54?
6
What is the remainder when 85 is divided by 73?
12
What is the remainder when 816 is divided by 39?
36
Calculate the remainder when 279 is divided by 93.
0
What is the remainder when 3608 is divided by 156?
20
What is the remainder when 128 is divided by 13?
11
Calculate the remainder when 252 is divided by 75.
27
Calculate the remainder when 125 is divided by 32.
29
What is the remainder when 806 is divided by 51?
41
What is the remainder when 173 is divided by 84?
5
What is the remainder when 580 is divided by 39?
34
What is the remainder when 94 is divided by 48?
46
What is the remainder when 103 is divided by 31?
10
Calculate the remainder when 390 is divided by 40.
30
What is the remainder when 1329 is divided by 15?
9
What is the remainder when 434 is divided by 80?
34
Calculate the remainder when 47 is divided by 39.
8
What is the remainder when 570 is divided by 13?
11
What is the remainder when 781 is divided by 66?
55
Calculate the remainder when 239 is divided by 62.
53
What is the remainder when 898 is divided by 53?
50
What is the remainder when 288 is divided by 58?
56
Calculate the remainder when 1467 is divided by 30.
27
What is the remainder when 641 is divided by 55?
36
Calculate the remainder when 149 is divided by 25.
24
What is the remainder when 1051 is divided by 24?
19
What is the remainder when 1149 is divided by 32?
29
Calculate the remainder when 159 is divided by 10.
9
What is the remainder when 117 is divided by 20?
17
Calculate the remainder when 349 is divided by 67.
14
What is the remainder when 31 is divided by 16?
15
What is the remainder when 85 is divided by 68?
17
What is the remainder when 115 is divided by 35?
10
What is the remainder when 41 is divided by 34?
7
Calculate the remainder when 420 is divided by 307.
113
What is the remainder when 419 is divided by 3?
2
What is the remainder when 86 is divided by 8?
6
What is the remainder when 155 is divided by 43?
26
Calculate the remainder when 871 is divided by 125.
121
What is the remainder when 432 is divided by 246?
186
Calculate the remainder when 290 is divided by 99.
92
Calculate the remainder when 11280 is divided by 364.
360
What is the remainder when 2768 is divided by 33?
29
What is the remainder when 336 is divided by 173?
163
Calculate the remainder when 585 is divided by 284.
17
What is the remainder when 493 is divided by 493?
0
Calculate the remainder when 114